ommon factor of 275110 and 18178.
122
What is the greatest common divisor of 650 and 232697075?
325
Calculate the greatest common divisor of 622 and 5492882.
622
What is the highest common factor of 215746875 and 12785?
12785
Calculate the greatest common divisor of 2924 and 101527859.
731
What is the greatest common divisor of 628527 and 27435?
177
Calculate the greatest common factor of 1440730 and 350.
10
Calculate the greatest common divisor of 757978 and 2860.
26
What is the greatest common divisor of 2376 and 25152840?
72
What is the greatest common factor of 20176 and 19889753?
1261
Calculate the highest common divisor of 251115904 and 31144.
1832
Calculate the highest common factor of 1121420 and 35.
5
Calculate the highest common factor of 790 and 253788053.
79
What is the greatest common factor of 31349 and 2811869?
1363
Calculate the greatest common factor of 854976 and 14272.
64
Calculate the highest common factor of 490 and 7110831.
49
What is the greatest common divisor of 2328 and 202275555?
291
What is the highest common divisor of 173604 and 309024?
444
Calculate the highest common divisor of 1720 and 15478280.
1720
Calculate the greatest common divisor of 312 and 8214282.
6
What is the greatest common divisor of 8824 and 14749316?
4412
Calculate the greatest common factor of 9829589 and 44.
11
Calculate the highest common divisor of 1559930932 and 6118.
6118
Calculate the greatest common divisor of 124149 and 1247.
29
What is the greatest common divisor of 18815295 and 2325?
465
What is the highest common divisor of 253808 and 250?
2
Calculate the greatest common divisor of 4696861 and 3512.
439
Calculate the greatest common divisor of 151682 and 135292.
298
Calculate the greatest common factor of 26353 and 1531248.
1387
Calculate the greatest common divisor of 236967664 and 4240.
848
What is the greatest common divisor of 306 and 489681?
9
Calculate the highest common divisor of 1700 and 6172.
4
Calculate the highest common divisor of 4374294 and 2850.
114
What is the highest common divisor of 611 and 6766120?
47
Calculate the greatest common divisor of 564 and 3756099.
141
Calculate the greatest common factor of 10790 and 7241169.
1079
Calculate the highest common factor of 2282 and 828842.
14
Calculate the highest common divisor of 40083056 and 1456.
208
Calculate the greatest common factor of 13249908 and 224.
28
What is the highest common divisor of 25699575 and 465?
15
Calculate the greatest common divisor of 176 and 16522928.
16
What is the highest common divisor of 4 and 9343682?
2
Calculate the greatest common divisor of 15322 and 8554.
94
Calculate the greatest common divisor of 2003 and 3704574539.
2003
What is the greatest common factor of 557 and 81349850?
557
Calculate the highest common factor of 448 and 4722620.
28
Calculate the greatest common divisor of 1046254 and 15466.
418
What is the greatest common factor of 64 and 4493936?
16
What is the greatest common divisor of 234795489 and 1263?
1263
Calculate the greatest common divisor of 4335 and 508755.
15
Calculate the greatest common factor of 14091 and 989835.
231
What is the highest common divisor of 1194 and 14787889?
199
What is the greatest common factor of 8857452 and 942?
6
Calculate the highest common divisor of 396 and 9784071.
99
Calculate the greatest common divisor of 6280410 and 10.
10
Calculate the highest common divisor of 3058106 and 18.
2
What is the highest common factor of 9904767 and 5055?
1011
Calculate the highest common factor of 12974926 and 2837600.
7094
What is the highest common factor of 10117 and 571?
1
What is the greatest common factor of 10738 and 1371278?
118
What is the highest common divisor of 8613 and 3172983?
33
Calculate the highest common factor of 4064 and 1211872.
32
What is the greatest common factor of 248 and 5365872?
8
What is the greatest common divisor of 127715790 and 150?
30
What is the greatest common divisor of 2869718 and 11048?
2762
What is the greatest common factor of 38685696 and 3598?
3598
What is the highest common divisor of 807347 and 11560?
17
What is the greatest common divisor of 2618 and 671756734?
374
What is the highest common factor of 1584 and 1490197104?
1584
Calculate the greatest common divisor of 1409838 and 822.
6
Calculate the greatest common factor of 15040 and 59299712.
3008
What is the greatest common divisor of 359 and 121819829?
359
What is the highest common factor of 7291072 and 9472?
2368
What is the highest common divisor of 30668 and 78744?
68
Calculate the highest common factor of 16 and 29145088.
16
What is the greatest common divisor of 91724 and 26151?
23
What is the greatest common factor of 4524 and 56318?
58
What is the greatest common divisor of 29651 and 1279910?
149
Calculate the greatest common factor of 1056978 and 637.
13
Calculate the greatest common factor of 1576 and 74157498.
394
What is the highest common factor of 11 and 194197553?
11
Calculate the highest common factor of 1600 and 1204850.
50
Calculate the greatest common factor of 17743005 and 75.
15
Calculate the greatest common factor of 69264 and 8533902.
2886
What is the highest common factor of 13852951 and 35?
7
Calculate the greatest common divisor of 2 and 98489194.
2
Calculate the greatest common divisor of 855 and 42255.
45
Calculate the highest common factor of 195 and 108449295.
15
What is the highest common divisor of 41952 and 182704?
304
What is the highest common factor of 660744 and 836073?
1449
Calculate the greatest common factor of 895715936 and 267.
89
Calculate the highest common divisor of 12874134 and 84.
42
Calculate the greatest common factor of 231 and 66416091.
21
Calculate the greatest common factor of 15108417 and 1134.
27
Calculate the greatest common divisor of 1146855 and 3333.
303
Calculate the highest common factor of 575 and 3948755.
115
What is the greatest common factor of 4334 and 36325421?
2167
Calculate the greatest common factor of 1080 and 13260.
60
Calculate the greatest common factor of 5316 and 44592.
12
Calculate the greatest common divisor of 3688470 and 32670.
270
What is the highest common divisor of 6182525 and 75?
25
Calculate the highest common factor of 1714 and 11650915.
857
What is the greatest common factor of 2220176 and 15824?
688
Calculate the highest common divisor of 97728 and 1146.
6
What is the highest common factor of 12 and 32861740?
4
What is the greatest common divisor of 1233912 and 36?
12
What is the highest common factor of 62918 and 780106?
386
Calculate the highest common factor of 46746 and 123858.
126
What is the highest common divisor of 10377753 and 438?
219
What is the greatest common factor of 13111950 and 3150?
150
What is the greatest common divisor of 56239281 and 34272?
1071
What is the greatest common factor of 1744336 and 16830?
374
What is the highest common factor of 4 and 268839404?
4
Calculate the greatest common divisor of 212382 and 1484926.
874
What is the greatest common divisor of 47372402 and 62062?
4774
Calculate the greatest common factor of 1106048 and 129597718.
17282
Calculate the greatest common factor of 26140 and 27892687.
1307
What is the greatest common divisor of 8220814 and 70?
14
What is the highest common divisor of 204 and 3461982?
102
Calculate the highest common divisor of 164 and 43342.
2
What is the greatest common divisor of 60 and 199668140?
20
Calculate the greatest common factor of 175 and 616889.
7
What is the greatest common divisor of 3217132563 and 11139?
11139
Calculate the greatest common factor of 2260 and 344081384.
452
What is the highest common divisor of 144 and 10912656?
48
What is the greatest common factor of 27136 and 1828?
4
What is the highest common factor of 224 and 296446?
2
What is the highest common divisor of 52432947 and 2709?
63
Calculate the greatest common divisor of 79653 and 39144.
21
Calculate the greatest common divisor of 1540482 and 950.
38
What is the greatest common divisor of 48 and 809072848?
16
Calculate the highest common factor of 39697 and 50419684.
749
What is the greatest common factor of 300 and 83316180?
60
What is the greatest common divisor of 57740 and 1329840?
20
Calculate the greatest common divisor of 896737 and 7781.
31
Calculate th